 the prime factors of 208079.
251, 829
What are the prime factors of 1093256?
2, 136657
What are the prime factors of 2868130?
2, 5, 286813
List the prime factors of 7158070.
2, 5, 29, 24683
List the prime factors of 33473022.
2, 3, 11, 19, 26693
What are the prime factors of 24639?
3, 43, 191
What are the prime factors of 164925?
3, 5, 733
List the prime factors of 32605753.
32605753
What are the prime factors of 205232?
2, 101, 127
What are the prime factors of 93838?
2, 46919
List the prime factors of 66199.
7, 193
What are the prime factors of 1208606?
2, 7, 131, 659
What are the prime factors of 913617?
3, 101513
List the prime factors of 7495930.
2, 5, 13, 23, 109
List the prime factors of 322889.
7, 193, 239
List the prime factors of 988698.
2, 3, 367, 449
List the prime factors of 5100419.
149, 34231
List the prime factors of 259992.
2, 3, 23, 157
What are the prime factors of 313614?
2, 3, 7, 19, 131
List the prime factors of 610575.
3, 5, 7, 1163
What are the prime factors of 1352408?
2, 71, 2381
List the prime factors of 900544.
2, 14071
What are the prime factors of 14695?
5, 2939
List the prime factors of 469192.
2, 223, 263
What are the prime factors of 10729774?
2, 11, 487717
What are the prime factors of 2509785?
3, 5, 6197
List the prime factors of 49134.
2, 3, 19, 431
List the prime factors of 292315.
5, 17, 19, 181
List the prime factors of 1055580.
2, 3, 5, 73, 241
What are the prime factors of 10407376?
2, 7, 43, 2161
List the prime factors of 40663868.
2, 7, 1452281
List the prime factors of 317165.
5, 229, 277
What are the prime factors of 408498?
2, 3, 103, 661
What are the prime factors of 18664551?
3, 71, 29209
List the prime factors of 108180.
2, 3, 5, 601
List the prime factors of 25346.
2, 19, 23, 29
List the prime factors of 6209152.
2, 179, 271
What are the prime factors of 1939273?
7, 19, 2083
List the prime factors of 15431668.
2, 7, 43, 1831
What are the prime factors of 4819391?
2141, 2251
List the prime factors of 48664.
2, 7, 11, 79
List the prime factors of 159965.
5, 13, 23, 107
List the prime factors of 49528.
2, 41, 151
List the prime factors of 226098.
2, 3, 53, 79
List the prime factors of 544222.
2, 7, 38873
What are the prime factors of 309676?
2, 77419
List the prime factors of 2375434.
2, 1187717
What are the prime factors of 2753419?
43, 64033
What are the prime factors of 2701552?
2, 7, 24121
What are the prime factors of 631562?
2, 29, 10889
List the prime factors of 22377.
3, 7459
List the prime factors of 787305.
3, 5, 73, 719
List the prime factors of 1595266.
2, 797633
What are the prime factors of 31947613?
37, 83, 101, 103
What are the prime factors of 3917632?
2, 41, 1493
What are the prime factors of 230813?
11, 20983
List the prime factors of 47582.
2, 37, 643
What are the prime factors of 37206162?
2, 3, 7, 98429
List the prime factors of 2759201.
37, 74573
What are the prime factors of 232890?
2, 3, 5, 7, 1109
What are the prime factors of 1019085?
3, 5, 67939
What are the prime factors of 2317340?
2, 5, 109, 1063
List the prime factors of 874818.
2, 3, 7, 53, 131
What are the prime factors of 56094?
2, 3, 9349
List the prime factors of 585025.
5, 7, 3343
What are the prime factors of 28018928?
2, 7, 250169
List the prime factors of 1848408.
2, 3, 77017
List the prime factors of 30738799.
7, 13, 47, 7187
List the prime factors of 2543864.
2, 317983
What are the prime factors of 443288?
2, 55411
List the prime factors of 35844131.
83, 431857
List the prime factors of 1843626.
2, 3, 109, 2819
What are the prime factors of 20983179?
3, 7, 999199
What are the prime factors of 9656776?
2, 1207097
What are the prime factors of 13818778?
2, 6909389
List the prime factors of 11782246.
2, 7, 109, 1103
What are the prime factors of 6744805?
5, 1348961
List the prime factors of 875899.
61, 83, 173
List the prime factors of 348783.
3, 19, 29, 211
What are the prime factors of 309010?
2, 5, 13, 2377
What are the prime factors of 102306?
2, 3, 17, 59
What are the prime factors of 3627183?
3, 7, 83, 2081
What are the prime factors of 51511?
51511
List the prime factors of 416477.
416477
What are the prime factors of 7155033?
3, 41, 58171
List the prime factors of 213523.
213523
List the prime factors of 3127383.
3, 7, 16547
List the prime factors of 6810726.
2, 3, 13, 87317
List the prime factors of 2766358.
2, 7, 197597
List the prime factors of 78679.
19, 41, 101
What are the prime factors of 4188356?
2, 1047089
What are the prime factors of 245515?
5, 49103
List the prime factors of 815354.
2, 17, 23981
List the prime factors of 76590.
2, 3, 5, 23, 37
What are the prime factors of 2509109?
29, 31, 2791
List the prime factors of 27620.
2, 5, 1381
List the prime factors of 13805363.
11, 13, 29, 3329
What are the prime factors of 625992?
2, 3, 26083
List the prime factors of 1986356.
2, 31, 83, 193
What are the prime factors of 2215602?
2, 3, 83, 1483
What are the prime factors of 295818?
2, 3, 47, 1049
List the prime factors of 547600.
2, 5, 37
List the prime factors of 82763.
82763
What are the prime factors of 10221542?
2, 197, 25943
List the prime factors of 15567862.
2, 2777, 2803
What are the prime factors of 1689858?
2, 3, 269, 349
List the prime factors of 1367842.
2, 7, 41, 2383
List the prime factors of 14392598.
2, 11, 654209
List the prime factors of 736779.
3, 245593
List the prime factors of 1226729.
7, 29, 6043
List the prime factors of 257476.
2, 59, 1091
What are the prime factors of 279849?
3, 93283
List the prime factors of 9006841.
331, 27211
List the prime factors of 4288703.
47, 91249
List the prime factors of 6648611.
67, 99233
List the prime factors of 450399.
3, 29, 31, 167
What are the prime factors of 1887181?
1887181
What are the prime factors of 397924?
2, 53, 1877
List the prime factors of 1003060.
2, 5, 50153
List the prime factors of 273753.
3, 10139
List the prime factors of 1273058.
2, 43, 113, 131
What are the prime factors of 43263?
3, 11, 19, 23
List the prime factors of 12876227.
7, 13, 141497
What are the prime factors of 17974047?
3, 7, 13, 65839
What are the prime factors of 1570329?
3, 174481
What are the prime factors of 1393566?
2, 3, 29, 8009
What are the prime factors of 3732953?
7, 197, 2707
List the prime factors of 1849346.
2, 19, 41, 1187
What are the prime factors of 15934156?
2, 7, 569077
What are the prime factors of 2112632?
2, 181, 1459
What are the prime factors of 478077?
3, 37, 59, 73
List the prime factors of 233893.
11, 1933
List the prime factors of 376900.
2, 5, 3769
What are the prime factors of 6532707?
3, 2177569
What are the prime factors of 2150920?
2, 5, 53773
What are the prime factors of 1499054?
2, 137, 5471
List the prime factors of 2503407.
3, 834469
List the prime factors of 508075.
5, 20323
What are the prime factors of 947630?
2, 5, 193, 491
What are the prime factors of 8863098?
2, 3, 59, 25037
List the prime factors of 1554026.
2, 777013
What are the prime factors of 139249?
11, 12659
What are the prime factors of 3104307?
3, 131, 2633
List the prime factors of 470424.
2, 3, 17, 1153
What are the prime factors of 929898?
2, 3, 19, 2719
What are the prime factors of 23126883?
3, 13, 733, 809
List the prime factors of 700784.
2, 7, 6257
What are the prime factors of 1263223?
13, 97171
List the prime factors of 4354295.
5, 11, 17, 4657
What are the prime factors of 7335763?
67, 103, 1063
What are the prime factors of 17212461?
3, 7, 19, 179, 241
What are the prime factors of 1634053?
1634053
What are the prime factors of 23783004?
2, 3, 7, 163, 193
List the prime factors of 1483879.
17, 191, 457
What are the prime factors of 699334?
2, 349667
What are the prime factors of 38349?
3, 4261
What are the prime factors of 18557793?
3, 683, 3019
List the prime factors of 7809939.
3, 96419
What are the prime factors of 777053?
17, 43, 1063
What are the prime factors of 4250405?
5, 850081
What are the prime factors of 77586?
2, 3, 67, 193
List the prime factors of 3291617.
7, 19, 24749
What are the prime factors of 1877183?
7, 11, 24379
List the prime factors of 281369.
11, 25579
List the prime factors of 7292558.
2, 7, 13, 17, 2357
What are the prime factors of 155383?
155383
What are the prime factors of 100113?
3, 13, 17, 151